 - 138 = 12. Suppose 82*z + 505 = 77*z. Let l = -71 - z. What is the greatest common divisor of o and l?
15
Let r(j) = 22*j + 2. Let u be (1 - 0)*(6 + -4). Let a be r(u). Let n = -278 - -301. Calculate the greatest common factor of a and n.
23
Let q = -52 + 36. Let y(x) = 2*x + 38. Let j be y(q). What is the highest common divisor of 54 and j?
6
Let q = -507 + 710. Calculate the highest common divisor of 116 and q.
29
Let s = 24 + -16. Let j be (1 + 11)*1/(7 + -4). What is the greatest common factor of j and s?
4
Let w = -53 + 103. What is the greatest common divisor of w and 110?
10
Suppose 108 = -0*b + b. Calculate the greatest common divisor of 54 and b.
54
Let d(i) = -i**3 + 2*i**2 - i - 2. Let c be d(-2). Let z(x) = x**3 - 14*x**2 + 13*x + 32. Let j be z(13). What is the highest common factor of c and j?
16
Suppose 0 = 185*p - 188*p - 15, -g = 5*p - 9. Let c = -27 - -61. Calculate the greatest common factor of c and g.
34
Let f(i) = 3*i - 11. Let m be f(5). Suppose 2*o - 3*c = 12, -o - 5*c + m = -2. Suppose u + 25 = o*u. What is the greatest common factor of u and 2?
1
Let b = -23 + 43. Let p = -380 - -420. Calculate the highest common divisor of b and p.
20
Let w(m) = -111*m - 148. Let z be w(-7). What is the greatest common factor of z and 17?
17
Let q = -319 + 397. Calculate the highest common divisor of 195 and q.
39
Let d = -62 - -133. Let k = -62 + d. Calculate the highest common divisor of k and 63.
9
Suppose 134 = -4*a - 1482. Let j = -249 - a. Suppose j = 4*r - v, -2*r + 2*v = -3 - 67. What is the highest common divisor of 10 and r?
10
Let k = 4 - 1. Let r(i) = -i**2 - i + 85. Let z be r(-19). Let c = -255 - z. Calculate the greatest common divisor of c and k.
1
Let t(z) = -23*z - 18. Let g be t(-6). Suppose g + 40 = 10*y. Let f = 11 - 7. What is the greatest common factor of y and f?
4
Let k(g) = 3*g**3 - 15*g**2 + 2*g + 8. Let x be k(5). Calculate the greatest common factor of x and 16.
2
Suppose -84 = -2*x - 2*x. Let d = x + -13. Suppose -g - z = -1, -3*g + 3*z - 4*z + 5 = 0. What is the greatest common divisor of g and d?
2
Suppose 1040 = 3129*b - 3119*b. Calculate the highest common divisor of b and 2860.
52
Let x(k) = k**3 - 9*k**2 - 14*k + 53. Let s be x(10). Let n(t) = -71*t + 2. Let y be n(-3). Let h = -98 + y. Calculate the greatest common divisor of h and s.
13
Let x be -1*(-2 - -6) + 1. Let c be 10/(-4)*(-364)/70. Let f = c - x. Calculate the highest common divisor of f and 2.
2
Let o(t) = 230*t - 88. Let y be o(4). What is the highest common factor of 130 and y?
26
Suppose 4*w - 497 = -3*k, -4*w = w + k - 635. Suppose -3*g + 4*q = -76, -18*q + 25 = -13*q. Calculate the greatest common factor of g and w.
32
Let h be (4/(-6))/((-3)/18). Suppose 5*g - g - h = 0. Suppose -x + 0*x - 14 = 5*b, 4*x - 59 = 3*b. What is the highest common factor of g and x?
1
Suppose 2*w + 4*z - 8 = 0, 0 = -2*w + 5*z + 11 + 33. Let l be ((-1)/((-40)/144))/(2/5). Suppose -j = -l - 3. What is the greatest common divisor of j and w?
12
Let l = 354 - 240. Calculate the highest common divisor of 6 and l.
6
Suppose 4*k = 3*k + 4*r + 214, 2*k - 488 = -4*r. Let q = 7607 - 7589. Calculate the greatest common divisor of k and q.
18
Let u(c) = 17*c**2 + 11*c + 2. Let w be u(-7). Suppose -s - w = -3*b, 0 = -5*s - 10. What is the greatest common factor of 36 and b?
36
Suppose 0 = 5*c + 5*s - 460, -12*s - 4 = -11*s. What is the greatest common factor of 1392 and c?
48
Let f be 43 + -28 - (-2 - -1). What is the greatest common divisor of f and 32?
16
Suppose 2*w = -3*w + 20. Suppose 0 = -w*x + 5*x + 3. Let n be (x - -28) + 0 + 3. What is the greatest common factor of 42 and n?
14
Let z(a) = -17*a**3 - 15*a**2 - 4*a + 2. Let n be z(-3). What is the highest common divisor of 26 and n?
26
Let h = 23 - 12. Let u = h - 10. Let b = u - -3. Calculate the highest common factor of 36 and b.
4
Let w be ((-3 + 3)/1)/(-2). Let q be 1 + 1 + w/5. Suppose q*r + 4*d + 8 = 0, 2 = 3*r + d - 11. Calculate the highest common divisor of r and 15.
3
Let f(l) = -3*l - 4. Let c be f(8). Let t = c - -30. Calculate the greatest common divisor of t and 18.
2
Suppose c = -20*c + 609. What is the highest common divisor of c and 58?
29
Let q be (-5 - 2)/(2/(-14)). Suppose 42 = -3*u + 5*u. What is the greatest common divisor of u and q?
7
Let d = -1 - 7. Let g = -22 + 81. Let n be g - (-3 - (d + 2)). What is the greatest common divisor of n and 8?
8
Let r = -839 - -855. Calculate the greatest common factor of r and 8.
8
Let a = 971 - 926. What is the highest common factor of a and 477?
9
Let y(x) = 4*x - 37. Let w be (-2 - -3)/((-2)/20)*-1. Let n be y(w). What is the greatest common factor of n and 12?
3
Let f(j) = -8*j + 31. Let n be f(-19). What is the highest common divisor of 244 and n?
61
Suppose 0*o = -2*o - 5*d + 60, o = -5*d + 30. Calculate the highest common factor of 130 and o.
10
Suppose 11*q + 49 = 4*q. Let z be 63*(8/36 + q/(-9)). Calculate the highest common factor of z and 630.
63
Suppose 4*j - 18 = -5*m + 2, 2*m - 8 = 0. Suppose -6*c + 96 = -j. Calculate the highest common factor of 112 and c.
16
Suppose 8 - 13 = -c, -r = 2*c - 24. Calculate the greatest common divisor of r and 98.
14
Suppose -3*n = -2*q - 238, -3*q + 4*q - 1 = 0. Let b = -72 + n. What is the greatest common factor of 184 and b?
8
Suppose -94 + 114 = 10*p. Calculate the highest common factor of 22 and p.
2
Let o(r) = -104*r + 8. Let q be o(-3). Let t = 100 + -68. What is the greatest common factor of q and t?
32
Let m = 11 - 2. Let y be (6/m)/((-2)/(-33)). Suppose -s - 2 - 1 = 0, -s + 19 = i. What is the greatest common factor of i and y?
11
Let y be 1 + (-2 - -40) - 3. Suppose -b = -m - y + 84, 0 = -3*b + 6. Calculate the highest common divisor of 10 and m.
10
Let g be 69 + ((-24)/3 - -5) + -6. What is the highest common divisor of 220 and g?
20
Let b(u) = 13*u**3 - 5*u**2 - 4*u - 5. Let r be b(-4). Let g = r - -590. Let q = -80 - g. Calculate the highest common divisor of q and 21.
21
Suppose b - 6*b = 0. Suppose -2*u - 127 = -115. Let t be 7 - u/(2 + b). Calculate the highest common divisor of t and 50.
10
Suppose -32*r + 175 = -977. Calculate the highest common divisor of 9 and r.
9
Let q be 1*-12*((-45)/10 + 4). Suppose -q*c - 22 = -8*c. What is the highest common divisor of 88 and c?
11
Let v(z) = 4*z**2 - 5*z + 4. Let w be v(2). What is the highest common factor of w and 230?
10
Let b = 393 - 355. Calculate the greatest common divisor of b and 38.
38
Let o = -168 + 180. Let z be ((-1)/(-2))/((-1)/(-4)). Suppose 3*i + z*i = 20. What is the highest common factor of i and o?
4
Suppose 0 = 69*c - 74*c + 15855. Let s be (-1 - -2 - 36)*-1. Let j be c/s + 6/(-10). What is the highest common divisor of j and 18?
18
Let u = -10 + 45. Let d = u + -15. What is the greatest common factor of d and 40?
20
Let b = 10 + -5. Suppose 0 = 6*k + b*k - 11. Let i(z) = -z + 2. Let w be i(-6). Calculate the highest common divisor of w and k.
1
Let v(q) = 2*q - 4. Let k be v(-4). Let d(j) = -31*j**3 - j**2 - 2*j - 1. Let x be d(-1). Let c = x + k. Calculate the highest common divisor of c and 209.
19
Suppose 0 = 6*t - 2*t - 20. Suppose -2*d + 4*o = -212, 3*o + 456 = t*d - 39. What is the highest common factor of 240 and d?
48
Let c be 40*5/30*(-6)/(-5). Suppose -o + 10 = 2*w - c, -16 = -3*w + 4*o. Calculate the greatest common divisor of w and 8.
8
Let d = 101 + -60. Suppose 3*r + 3*w = 22 + d, 2*r = -3*w + 42. Calculate the highest common factor of 147 and r.
21
Let y = 86 + -41. Let z(a) = -5*a**2 - 27*a + 2. Let p be z(-4). What is the greatest common factor of y and p?
15
Suppose 51 = -z + 96. Suppose 5*a - 93 = -18. What is the greatest common factor of z and a?
15
Suppose 2*c + 2*c = -k + 154, -4*c - 3*k + 150 = 0. Suppose n - 8 = 5*d - 7, d = -n + 31. What is the greatest common divisor of n and c?
13
Let w be (3/(-5))/((-75)/3875). What is the highest common factor of w and 837?
31
Suppose -4*y = -3*d - 168, -5*d + 210 = 29*y - 24*y. Calculate the greatest common factor of 1554 and y.
42
Let k be 557/((-3)/(-3)) + -1. Suppose -6 = 2*g, -7*g = -4*a - 3*g + k. What is the highest common factor of a and 17?
17
Let c be 4/18 - 168/27. Let g be (-5)/((-15)/(-63))*32/c. Let h be ((-2)/5)/(1/(-40)). What is the highe